{"id":105,"date":"2024-03-11T23:24:24","date_gmt":"2024-03-11T22:24:24","guid":{"rendered":"https:\/\/www.babycessories.fr\/index.php\/produit\/pots-de-gouter-avec-couvercle-en-silicone\/"},"modified":"2026-04-13T15:28:59","modified_gmt":"2026-04-13T13:28:59","slug":"pots-de-gouter-avec-couvercle-en-silicone","status":"publish","type":"product","link":"https:\/\/www.babycessories.fr\/index.php\/produit\/pots-de-gouter-avec-couvercle-en-silicone\/","title":{"rendered":"Pots de gouter avec couvercle en silicone"},"content":{"rendered":"<p><span style=\"font-weight: 400;\"><strong><span style=\"text-decoration: underline;\">Description<\/span><\/strong> : <\/span><\/p>\n<p><span style=\"font-weight: 400;\">Retournez \u00e0 l&#8217;\u00e9cole avec nos pots \u00e0 go\u00fbter. Nos <strong>pots en silicone<\/strong> sont de taille \u00e0 se glisser dans n&#8217;importe quel sac et sont dot\u00e9s d&#8217;une poign\u00e9e pour une prise en main facile par votre boud\u2019chou..\u00a0<\/span><\/p>\n<p>Ces pots en silicone de <strong>qualit\u00e9 alimentaire<\/strong> sont \u00e9galement munis d&#8217;un couvercle. Vous n&#8217;avez donc plus \u00e0 vous soucier des d\u00e9g\u00e2ts. Vous pouvez\u00a0 l\u2019emporter avec vous lors de vos petites sorties ou voyages.<\/p>\n<p>Et comme toujours, nos pots sont <strong>sans BPA<\/strong>, <strong>sans plastique<\/strong> et respectent les normes nationales et europ\u00e9ennes.<\/p>\n<p><span style=\"text-decoration: underline;\"><strong>Conseils d&#8217;entretiens<\/strong><\/span> :<\/p>\n<p>Nos <strong>pots \u00e0 go\u00fbter<\/strong> sont faciles \u00e0 nettoyer au lave-vaisselle et peuvent \u00eatre essuy\u00e9s rapidement avec de l&#8217;eau chaude savonneuse.\u00a0<\/p>\n<p><span style=\"text-decoration: underline;\"><strong>Mat\u00e9riels<\/strong><\/span> :\u00a0<\/p>\n<ul>\n<li>Silicone<\/li>\n<\/ul>\n","protected":false},"excerpt":{"rendered":"<p>Description : Retournez \u00e0 l&#8217;\u00e9cole avec nos pots \u00e0 go\u00fbter. Nos pots en silicone sont de taille \u00e0 se glisser dans n&#8217;importe quel sac et sont dot\u00e9s d&#8217;une poign\u00e9e pour une prise en main facile par votre boud\u2019chou..\u00a0 Ces pots en silicone de qualit\u00e9 alimentaire sont \u00e9galement munis d&#8217;un couvercle. Vous n&#8217;avez donc plus \u00e0 [&#8230;]\n","protected":false},"featured_media":104,"comment_status":"open","ping_status":"closed","template":"","meta":[],"product_cat":[15],"product_tag":[],"class_list":{"0":"post-105","1":"product","2":"type-product","3":"status-publish","4":"has-post-thumbnail","6":"product_cat-non-classe","8":"first","9":"instock","10":"shipping-taxable","11":"product-type-simple"},"_links":{"self":[{"href":"https:\/\/www.babycessories.fr\/index.php\/wp-json\/wp\/v2\/product\/105","targetHints":{"allow":["GET"]}}],"collection":[{"href":"https:\/\/www.babycessories.fr\/index.php\/wp-json\/wp\/v2\/product"}],"about":[{"href":"https:\/\/www.babycessories.fr\/index.php\/wp-json\/wp\/v2\/types\/product"}],"replies":[{"embeddable":true,"href":"https:\/\/www.babycessories.fr\/index.php\/wp-json\/wp\/v2\/comments?post=105"}],"wp:featuredmedia":[{"embeddable":true,"href":"https:\/\/www.babycessories.fr\/index.php\/wp-json\/wp\/v2\/media\/104"}],"wp:attachment":[{"href":"https:\/\/www.babycessories.fr\/index.php\/wp-json\/wp\/v2\/media?parent=105"}],"wp:term":[{"taxonomy":"product_cat","embeddable":true,"href":"https:\/\/www.babycessories.fr\/index.php\/wp-json\/wp\/v2\/product_cat?post=105"},{"taxonomy":"product_tag","embeddable":true,"href":"https:\/\/www.babycessories.fr\/index.php\/wp-json\/wp\/v2\/product_tag?post=105"}],"curies":[{"name":"wp","href":"https:\/\/api.w.org\/{rel}","templated":true}]}}