{"id":100,"date":"2024-03-11T23:24:22","date_gmt":"2024-03-11T22:24:22","guid":{"rendered":"https:\/\/www.babycessories.fr\/index.php\/produit\/plat-ventouse-en-silicone\/"},"modified":"2026-01-02T08:17:33","modified_gmt":"2026-01-02T07:17:33","slug":"plat-ventouse-en-silicone","status":"publish","type":"product","link":"https:\/\/www.babycessories.fr\/index.php\/produit\/plat-ventouse-en-silicone\/","title":{"rendered":"Plat ventouse en silicone"},"content":{"rendered":"<p><span style=\"font-weight: 400;\"><span style=\"text-decoration: underline;\"><strong>Description<\/strong><\/span> : <\/span><\/p>\n<p><span style=\"font-weight: 400;\">Notre\u00a0plat \u00e0 ventouse en silicone pour b\u00e9b\u00e9 <strong>antid\u00e9rapant<\/strong> aide \u00e0 tenir en toute s\u00e9curit\u00e9 le repas de vos enfants sur une surface dure et plane. Avec sa forte aspiration \u00e0 la table ou la tablette, fini les assiettes qui se retrouvent au sol \u00e0 chacun des gestes de votre b\u00e9b\u00e9.\u00a0<\/span><\/p>\n<p><span style=\"font-weight: 400;\">Ses <strong>trois compartiments<\/strong> sont sp\u00e9cialement con\u00e7us pour aider \u00e0 la <strong>diversification alimentaire<\/strong> de vos enfants, en leur proposant de diff\u00e9rents d\u00e9licieux petits plats pr\u00e9par\u00e9s avec amour pour eux.\u00a0<\/span><\/p>\n<p><span style=\"font-weight: 400;\">Nos assiettes \u00e0 ventouse pour b\u00e9b\u00e9 pr\u00e9sentent diff\u00e9rentes couleurs populaires aupr\u00e8s des enfants de tous \u00e2ges.\u00a0<\/span><\/p>\n<p><span style=\"font-weight: 400;\"><span style=\"text-decoration: underline;\"><strong>Conseils d&#8217;entretiens<\/strong><\/span> : <\/span><\/p>\n<p><span style=\"font-weight: 400;\">Le plat ventouse en silicone pour tout-petits est rapide et facile \u00e0 nettoyer au lave-vaisselle et peut \u00eatre essuy\u00e9 rapidement avec de l&#8217;eau chaude savonneuse.<\/span><\/p>\n<p><span style=\"font-weight: 400;\"><span style=\"text-decoration: underline;\"><strong>Mat\u00e9riels<\/strong><\/span> :\u00a0<\/span><\/p>\n<ul>\n<li><span style=\"font-weight: 400;\">Silicone<\/span><\/li>\n<\/ul>\n","protected":false},"excerpt":{"rendered":"<p>Description : Notre\u00a0plat \u00e0 ventouse en silicone pour b\u00e9b\u00e9 antid\u00e9rapant aide \u00e0 tenir en toute s\u00e9curit\u00e9 le repas de vos enfants sur une surface dure et plane. Avec sa forte aspiration \u00e0 la table ou la tablette, fini les assiettes qui se retrouvent au sol \u00e0 chacun des gestes de votre b\u00e9b\u00e9.\u00a0 Ses trois compartiments [&#8230;]\n","protected":false},"featured_media":0,"comment_status":"open","ping_status":"closed","template":"","meta":[],"product_cat":[15],"product_tag":[],"class_list":{"0":"post-100","1":"product","2":"type-product","3":"status-publish","5":"product_cat-non-classe","7":"first","8":"instock","9":"shipping-taxable","10":"product-type-simple"},"_links":{"self":[{"href":"https:\/\/www.babycessories.fr\/index.php\/wp-json\/wp\/v2\/product\/100","targetHints":{"allow":["GET"]}}],"collection":[{"href":"https:\/\/www.babycessories.fr\/index.php\/wp-json\/wp\/v2\/product"}],"about":[{"href":"https:\/\/www.babycessories.fr\/index.php\/wp-json\/wp\/v2\/types\/product"}],"replies":[{"embeddable":true,"href":"https:\/\/www.babycessories.fr\/index.php\/wp-json\/wp\/v2\/comments?post=100"}],"wp:attachment":[{"href":"https:\/\/www.babycessories.fr\/index.php\/wp-json\/wp\/v2\/media?parent=100"}],"wp:term":[{"taxonomy":"product_cat","embeddable":true,"href":"https:\/\/www.babycessories.fr\/index.php\/wp-json\/wp\/v2\/product_cat?post=100"},{"taxonomy":"product_tag","embeddable":true,"href":"https:\/\/www.babycessories.fr\/index.php\/wp-json\/wp\/v2\/product_tag?post=100"}],"curies":[{"name":"wp","href":"https:\/\/api.w.org\/{rel}","templated":true}]}}